= 10, 3*i = -3. What is the remainder when 43 is divided by j?
10
Let t = -1 - 23. Let s = t + 43. Calculate the remainder when s is divided by 11.
8
What is the remainder when 169 is divided by (2 + -13)*((-6 - -3) + -1)?
37
Suppose 3*b - 3 = -2*y, 4*y + 3*b - 4 = 5. Let w(d) = -d**3 + 6*d**2 - 6*d + 1. What is the remainder when w(4) is divided by y?
0
Let u = 68 - 17. Suppose 0 = x + 5*f - 6, 3*x = 4*f - 8*f + u. Let w = 32 - x. What is the remainder when w is divided by 6?
5
Let t(i) = 4*i + 7. Let o(s) = -s - 1. Let b(c) = 3*o(c) + t(c). Calculate the remainder when b(6) is divided by 3.
1
What is the remainder when 76 is divided by 1455/90 - 3/18?
12
Let i be 3/12*-2*-304. Suppose 5*o + 7 = i. Calculate the remainder when o is divided by 10.
9
Suppose 4*i = i + 135. Suppose -2*f + 5*f + x = i, 3*f + 3*x = 45. What is the remainder when 28 is divided by f?
13
Suppose 0*b = -b + 5*u + 18, b - 25 = -2*u. Suppose -3*k = -178 - b. Suppose -4*r = -2*r - 46. What is the remainder when k is divided by r?
21
What is the remainder when ((100/15)/5)/((-2)/(-171)) is divided by 13?
10
Let c = 175 + -117. What is the remainder when c is divided by 4?
2
Let b(w) = -5*w - 3. Let c(a) = 66*a + 39. Let h(q) = 27*b(q) + 2*c(q). Let g be h(-4). Calculate the remainder when ((-3)/g)/(1/(-147)) is divided by 17.
15
Calculate the remainder when 43 is divided by 21/(-56) + 246/16.
13
Suppose -232 = -7*s + 307. What is the remainder when s is divided by 21?
14
Suppose 128 = -2*a + 30. Let x = -35 - a. Suppose 2*u - 3*j - 1 = 0, -2*j + 8 = 2*u - 8. Calculate the remainder when x is divided by u.
4
Suppose -4*w + 76 = 3*o, -4*w - 48 = -o + 4. Calculate the remainder when 159 is divided by o.
31
Let a(p) = p**2 - 2*p + 13. Let g be a(9). Let d = g - 54. Calculate the remainder when d is divided by 12.
10
Calculate the remainder when 4/22 - 207/(-11) is divided by (-3)/12*10*-2.
4
Let j(o) = 7*o**3 - 2*o**2 - 4*o + 6. What is the remainder when 176 is divided by j(2)?
38
Suppose 16 = 4*d - 276. Calculate the remainder when d is divided by 19.
16
Let h = -7 + 11. Let q = 3 - -2. Suppose 5*p - 40 = -5*n, -h*n - 46 = -q*p - 3*n. Calculate the remainder when 33 is divided by p.
6
What is the remainder when 22 is divided by (24/2)/(-13 - -15)?
4
Suppose -4*l = -0*l - 32. Let s be -2 - -2 - (-8)/2. Let m = l - s. What is the remainder when 6 is divided by m?
2
Calculate the remainder when (-4)/(-6)*186/4 is divided by 8.
7
Suppose 8*u = 3*u - q + 57, -5*u + 48 = 4*q. Calculate the remainder when 21 is divided by u.
9
Let k(y) = -22*y. Suppose 0 = 3*g + 2*g + 10. Let v(h) = 8*h - 1. What is the remainder when k(g) is divided by v(2)?
14
Let c = -25 + 51. Suppose 8*r - 4*r = 3*f + 15, 0 = 5*r - 4*f - 20. Suppose r*z - 36 = -4*z. What is the remainder when c is divided by z?
8
Suppose 5*q + 0*q + 30 = 0. What is the remainder when (6/1)/(q/(-39)) is divided by 14?
11
Let g(c) = -c**3 + 8*c**2 + 4*c + 23. What is the remainder when g(6) is divided by 60?
59
Suppose -2*o = 10, -18 = 4*m + 5*o - 61. Suppose 0 = -s - 4 + 20. Let t = s - 10. Calculate the remainder when m is divided by t.
5
Suppose p - 6*p = -20. Calculate the remainder when 9 is divided by p.
1
Let u(l) = -l**2 - 3*l - 1. Let r be u(-2). Let g = 6 + r. Calculate the remainder when 12 is divided by g.
5
Let i be (3/(-5))/((-6)/30). Suppose -6 = y - i*y. What is the remainder when y is divided by 2?
1
Suppose 3*a - 92 + 20 = 0. Suppose 4*r - 5*p = 76, 2*p + 76 = 4*r + 7*p. Suppose 6 - r = -t. What is the remainder when a is divided by t?
11
Let x(b) = -3*b**3 + 15*b**2 - 10*b + 9. Let q(y) = y**3 - 5*y**2 + 3*y - 3. Let k(s) = -7*q(s) - 2*x(s). Calculate the remainder when k(4) is divided by 9.
6
Let k = -2 + 8. Let d be 4 + 2/k*3. Suppose -a = d, -2*p - a = 6 - 25. What is the remainder when 34 is divided by p?
10
What is the remainder when (-13)/(-1) + (4 - 8) is divided by 3?
0
Suppose -b = -2, 2*b - 252 = 4*g + 280. Suppose 3*l - 31 = -u, -4*u + 3*l + 0*l + 94 = 0. What is the remainder when u is divided by g/(-15) + 1/5?
7
Suppose 5*r - 4*h - h - 25 = 0, 0 = -4*h - 16. Let t = 97 - 96. Calculate the remainder when r is divided by t.
0
Suppose 2 + 22 = -3*c. Let m(s) = -s**3 - 7*s**2 - 2*s + 1. What is the remainder when m(c) is divided by 28?
25
Suppose -5*t - 146 = p, -p - 383 = 2*p + 4*t. Let c = p + 61. What is the remainder when 14 is divided by ((-4)/10)/(3/c)?
6
Let z(c) = 5*c**2 + 9*c - 14. Calculate the remainder when 93 is divided by z(2).
21
Let d(y) = -3*y - 15. What is the remainder when d(-10) is divided by 4?
3
Let x(w) be the second derivative of w**5/20 - w**4/4 - w**3/3 + 5*w**2/2 + 3*w. Calculate the remainder when 51 is divided by x(4).
12
Suppose -5*o + 40 = -o. Suppose o = 2*h + 2. Calculate the remainder when 2/7 + 75/7 is divided by h.
3
Suppose -m + p - 10 = -5*m, 0 = -3*p - 6. Suppose -5 = -c - 23. What is the remainder when 48/c*(-6)/4 is divided by m?
1
Suppose -29 = -2*s + 3*h + 9, 5*s = h + 108. What is the remainder when s is divided by 12?
10
Let b = -24 - -157. Suppose b = 5*u + m, 30 = 3*u - m - 53. Calculate the remainder when u is divided by 10.
7
Suppose 3*l - 2 = 4. Suppose 28 = 5*v - l. What is the remainder when 10 is divided by v?
4
Suppose -4*p = -355 + 279. Suppose -5*w = -3*w - 22. Calculate the remainder when p is divided by w.
8
Suppose -3*b = -3 - 6. Suppose -i + 8 = b*i. Calculate the remainder when 3 is divided by i.
1
Let b(j) = -12*j - 3. What is the remainder when b(-4) is divided by 24?
21
Suppose -144 = -4*y - 44. Let b = y - 3. Suppose -3*u = 3*p - 8*p - 131, -3*u - 5*p + 121 = 0. Calculate the remainder when u is divided by b.
20
Let r(k) = -k**3 + 7*k**2 - 5*k + 2. Suppose -11*v = -4*v - 105. What is the remainder when r(5) is divided by v?
12
Let u(s) = -6*s. Suppose 0 = -2*m + 3*m - 23. What is the remainder when m is divided by u(-1)?
5
Let f = 2 + 2. Suppose 0 = -5*z - f*j + 33 + 9, 0 = -4*z - 3*j + 34. What is the remainder when 37 is divided by z?
7
Let y(m) = -m**2 + 34. Let k be y(0). Suppose 8 = -4*q + 20. Suppose -q*d + k = -d. What is the remainder when 33 is divided by d?
16
Suppose w + 2*s = 73, w - s - 78 = -4*s. Suppose 2*a + b - 74 = 0, -b - 3 = -2*a + w. What is the remainder when a is divided by 12?
11
Let w = 51 + -16. Calculate the remainder when 1 - (0 + (1 - w)) is divided by 18.
17
Suppose 0 = -3*k - 0*k. Suppose -t + k*n + 4*n = 15, -5*n = 3*t - 40. Suppose -t*i = -0*i - 210. What is the remainder when i is divided by 22?
20
Suppose -8*s + 5 = -3*s. Let o be (4/(-8))/(s/(-2)). Suppose -t + 0*t - 5*u = -27, 0 = -u - o. What is the remainder when t is divided by 11?
10
Suppose -p - 2*p - 9 = 0. Let h = -3 - p. Suppose h*o - w + 17 = 3*o, -w + 9 = o. Calculate the remainder when 11 is divided by o.
3
Let k(v) = v**3 - v**2 - 2*v + 16. Calculate the remainder when 45 is divided by k(0).
13
Let r(v) = v - 4. Let t be r(3). Suppose -2*g + 9 = -5*s, -2*g - s + 2*s - 3 = 0. Calculate the remainder when 18 is divided by (-27)/g - 0 - t.
8
Suppose -3*d - 14 = p, -d - 2*d + 26 = -4*p. What is the remainder when 6 is divided by p/10*(-10)/4?
0
Let c(u) = u**2 - 5*u - 28. Calculate the remainder when c(-9) is divided by 10.
8
Let q be 54/(-1 + (0 - -2)). Let z = -16 + q. Calculate the remainder when (z/6)/(1/3) is divided by 7.
5
Let s(u) = -37*u**2 - u. Let b be s(-1). Suppose 0 = 5*l - l - 68. Calculate the remainder when l is divided by ((-1)/2)/(3/b).
5
What is the remainder when 102 is divided by 356/28 - (-2)/7?
11
Suppose 2*u + 8 = 4*c, -5*u + 5*c = -0*u - 5. Calculate the remainder when (-2 + 14/6)*39 is divided by 2/(u/(-15)*-1).
3
Suppose -d + 216 = 5*m + 3*d, -5*m + 184 = -4*d. Suppose l - m = -4*l. Calculate the remainder when 14 is divided by l.
6
Let i(a) = 2*a**2 + 3*a - 3. What is the remainder when 2/(-7) + ((-1324)/(-28) - 0) is divided by i(3)?
23
Suppose n + 0 - 11 = -5*d, 4*n - 19 = 5*d. Let x be (-32)/6*n/4. Let i(s) = s**2 + 6*s + 2. What is the remainder when i(x) is divided by 10?
8
Suppose 5*w - 72 = 38. Suppose q = -4*q + 4*s + 341, q - 3*s - 77 = 0. Calculate the remainder when q is divided by w.
21
Suppose -4*p - 58 = -9*p + j, 4*p = -j + 41. Calculate the remainder when 107 is divided by p.
8
Suppose 8*c - 7